{"id":96,"date":"2024-12-18T15:37:06","date_gmt":"2024-12-18T14:37:06","guid":{"rendered":"https:\/\/tkgestion.com\/?page_id=96"},"modified":"2025-01-08T17:54:53","modified_gmt":"2025-01-08T16:54:53","slug":"fiscalite","status":"publish","type":"page","link":"https:\/\/tkgestion.com\/index.php\/fiscalite\/","title":{"rendered":"Fiscalit\u00e9"},"content":{"rendered":"\n<div class=\"wp-block-cover alignfull is-light has-parallax\" style=\"padding-top:0px;padding-right:0;padding-bottom:0px;padding-left:0;min-height:400px;aspect-ratio:unset;\"><span aria-hidden=\"true\" class=\"wp-block-cover__background has-background-dim-0 has-background-dim\"><\/span><div class=\"wp-block-cover__image-background wp-image-41 has-parallax\" style=\"background-position:50% 50%;background-image:url(https:\/\/tkgestion.com\/wp-content\/uploads\/2024\/12\/ai-generated-8974297_1280.jpg)\"><\/div><div class=\"wp-block-cover__inner-container is-layout-flow wp-block-cover-is-layout-flow\">\n<div class=\"wp-block-columns are-vertically-aligned-center is-layout-flex wp-container-core-columns-is-layout-9d6595d7 wp-block-columns-is-layout-flex\">\n<div class=\"wp-block-column is-vertically-aligned-center is-layout-flow wp-block-column-is-layout-flow\">\n<div style=\"height:300px\" aria-hidden=\"true\" class=\"wp-block-spacer\"><\/div>\n<\/div>\n<\/div>\n\n\n\n<h2 class=\"wp-block-heading alignfull has-text-align-center has-text-color has-background has-link-color has-large-font-size wp-elements-bda91f8952a34521dd38daa6c52c0741\" style=\"border-style:none;border-width:0px;border-radius:0px;color:#e6ad40;background-color:#006278b0\">Votre partenaire en gestion, pour construire un avenir serein.<\/h2>\n<\/div><\/div>\n\n\n\n<div style=\"height:50px\" aria-hidden=\"true\" class=\"wp-block-spacer\"><\/div>\n\n\n\n<h2 class=\"wp-block-heading has-text-align-center\">Fiscalit\u00e9<\/h2>\n\n\n\n<div style=\"height:15px\" aria-hidden=\"true\" class=\"wp-block-spacer\"><\/div>\n\n\n\n<p><strong>La fiscalit\u00e9 au Luxembourg : ma\u00eetrisez-la avec TK Gestion <\/strong><\/p>\n\n\n\n<p>La <strong>fiscalit\u00e9 luxembourgeoise<\/strong> est r\u00e9put\u00e9e pour sa complexit\u00e9 et son \u00e9volution constante. Chaque erreur peut entra\u00eener des cons\u00e9quences importantes. Avec <strong>TK Gestion<\/strong>, vous profitez d\u2019une expertise approfondie pour <strong>optimiser votre charge fiscale<\/strong> et \u00e9viter les mauvaises surprises, tout en restant conforme \u00e0 la r\u00e9glementation.<\/p>\n\n\n\n<h3 class=\"wp-block-heading has-text-align-center\"><strong>Nos services en fiscalit\u00e9<\/strong><\/h3>\n\n\n\n<div class=\"wp-block-media-text is-stacked-on-mobile\"><figure class=\"wp-block-media-text__media\"><img loading=\"lazy\" decoding=\"async\" width=\"682\" height=\"1024\" src=\"http:\/\/tkgestion.com\/wp-content\/uploads\/2024\/12\/ai-generated-9126714_1280-682x1024.jpg\" alt=\"\" class=\"wp-image-45 size-full\" srcset=\"https:\/\/tkgestion.com\/wp-content\/uploads\/2024\/12\/ai-generated-9126714_1280-682x1024.jpg 682w, https:\/\/tkgestion.com\/wp-content\/uploads\/2024\/12\/ai-generated-9126714_1280-200x300.jpg 200w, https:\/\/tkgestion.com\/wp-content\/uploads\/2024\/12\/ai-generated-9126714_1280-768x1152.jpg 768w, https:\/\/tkgestion.com\/wp-content\/uploads\/2024\/12\/ai-generated-9126714_1280.jpg 853w\" sizes=\"auto, (max-width: 682px) 100vw, 682px\" \/><\/figure><div class=\"wp-block-media-text__content\">\n<p><strong>D\u00e9clarations fiscales<\/strong> :<\/p>\n\n\n\n<ul class=\"wp-block-list\">\n<li>Gestion des d\u00e9clarations fiscales des entreprises :\n<ul class=\"wp-block-list\">\n<li><strong>TVA<\/strong>, imp\u00f4t sur le revenu des collectivit\u00e9s (<strong>IRC<\/strong>), et autres obligations fiscales.<\/li>\n<\/ul>\n<\/li>\n\n\n\n<li>Accompagnement pour les particuliers :\n<ul class=\"wp-block-list\">\n<li>D\u00e9claration d\u2019<strong>imp\u00f4t sur le revenu (IR)<\/strong>.<\/li>\n<\/ul>\n<\/li>\n<\/ul>\n\n\n\n<p><strong>Optimisation fiscale<\/strong> :<\/p>\n\n\n\n<ul class=\"wp-block-list\">\n<li>Mise en place de strat\u00e9gies personnalis\u00e9es pour r\u00e9duire votre fiscalit\u00e9, tout en respectant les r\u00e8gles sp\u00e9cifiques au Luxembourg.<\/li>\n\n\n\n<li>Identification des dispositifs fiscaux avantageux adapt\u00e9s \u00e0 votre situation.<\/li>\n<\/ul>\n\n\n\n<p><strong>Gestion des contentieux fiscaux<\/strong> :<\/p>\n\n\n\n<ul class=\"wp-block-list\">\n<li>Assistance en cas de contr\u00f4le fiscal.<\/li>\n\n\n\n<li>Pr\u00e9paration de vos r\u00e9ponses pour \u00e9viter les sanctions et r\u00e9soudre les diff\u00e9rends avec l\u2019administration fiscale.<\/li>\n<\/ul>\n\n\n\n<p><strong>Conseil fiscal personnalis\u00e9<\/strong> :<\/p>\n\n\n\n<ul class=\"wp-block-list\">\n<li>Analyse des impacts fiscaux sur vos projets d\u2019investissement, de cr\u00e9ation ou de <strong>restructuration au Luxembourg<\/strong>.<\/li>\n<\/ul>\n\n\n\n<ol class=\"wp-block-list\"><\/ol>\n<\/div><\/div>\n\n\n\n<div style=\"height:15px\" aria-hidden=\"true\" class=\"wp-block-spacer\"><\/div>\n\n\n\n<h3 class=\"wp-block-heading\"><strong>Les avantages de faire appel \u00e0 TK Gestion pour votre fiscalit\u00e9<\/strong><\/h3>\n\n\n\n<ul class=\"wp-block-list\">\n<li><strong>Gain de temps<\/strong> : D\u00e9l\u00e9guez vos obligations fiscales \u00e0 des experts.<\/li>\n\n\n\n<li><strong>Optimisation de vos co\u00fbts<\/strong> : R\u00e9duisez votre charge fiscale gr\u00e2ce \u00e0 des conseils strat\u00e9giques adapt\u00e9s.<\/li>\n\n\n\n<li><strong>Conformit\u00e9 assur\u00e9e<\/strong> : \u00c9vitez les sanctions et restez en r\u00e8gle avec les obligations fiscales luxembourgeoises.<\/li>\n\n\n\n<li><strong>Tranquillit\u00e9 d\u2019esprit<\/strong> : Un accompagnement personnalis\u00e9 pour chaque \u00e9tape de vos d\u00e9marches fiscales.<\/li>\n<\/ul>\n\n\n\n<h3 class=\"wp-block-heading\"><strong>Pourquoi choisir TK Gestion pour votre fiscalit\u00e9 ?<\/strong><\/h3>\n\n\n\n<p>Avec plus de <strong>15 ans d\u2019exp\u00e9rience<\/strong>, notre cabinet s\u2019impose comme un partenaire de confiance pour g\u00e9rer les d\u00e9fis fiscaux des <strong>entreprises<\/strong>, <strong>ind\u00e9pendants<\/strong>, et <strong>particuliers au Luxembourg<\/strong>.<\/p>\n\n\n\n<p><strong>Contactez-nous d\u00e8s aujourd\u2019hui<\/strong> pour b\u00e9n\u00e9ficier d\u2019un accompagnement fiscal sur mesure et maximiser vos avantages fiscaux.<\/p>\n\n\n\n<div style=\"height:50px\" aria-hidden=\"true\" class=\"wp-block-spacer\"><\/div>\n\n\n\n<div class=\"wp-block-buttons is-content-justification-center is-layout-flex wp-container-core-buttons-is-layout-16018d1d wp-block-buttons-is-layout-flex\">\n<div class=\"wp-block-button\"><a class=\"wp-block-button__link has-text-color has-background has-link-color wp-element-button\" href=\"https:\/\/tkgestion.com\/\" style=\"color:#e6ad40;background-color:#006378\">Retour<\/a><\/div>\n<\/div>\n\n\n\n<div style=\"height:50px\" aria-hidden=\"true\" class=\"wp-block-spacer\"><\/div>\n","protected":false},"excerpt":{"rendered":"<p>Fiscalit\u00e9 La fiscalit\u00e9 au Luxembourg : ma\u00eetrisez-la avec TK Gestion La fiscalit\u00e9 luxembourgeoise est r\u00e9put\u00e9e pour sa complexit\u00e9 et son \u00e9volution constante. Chaque erreur peut entra\u00eener des cons\u00e9quences importantes. Avec TK Gestion, vous profitez d\u2019une expertise approfondie pour optimiser votre charge fiscale et \u00e9viter les mauvaises surprises, tout en restant conforme \u00e0 la r\u00e9glementation. Nos&hellip;&nbsp;<a href=\"https:\/\/tkgestion.com\/index.php\/fiscalite\/\" rel=\"bookmark\">Read More &raquo;<span class=\"screen-reader-text\">Fiscalit\u00e9<\/span><\/a><\/p>\n","protected":false},"author":1,"featured_media":0,"parent":0,"menu_order":0,"comment_status":"closed","ping_status":"closed","template":"","meta":{"neve_meta_sidebar":"","neve_meta_container":"","neve_meta_enable_content_width":"","neve_meta_content_width":0,"neve_meta_title_alignment":"","neve_meta_author_avatar":"","neve_post_elements_order":"","neve_meta_disable_header":"","neve_meta_disable_footer":"","neve_meta_disable_title":"on","footnotes":""},"class_list":["post-96","page","type-page","status-publish","hentry"],"yoast_head":"<!-- This site is optimized with the Yoast SEO plugin v27.3 - https:\/\/yoast.com\/product\/yoast-seo-wordpress\/ -->\n<title>Fiscalit\u00e9 - TK Gestion<\/title>\n<meta name=\"robots\" content=\"index, follow, max-snippet:-1, max-image-preview:large, max-video-preview:-1\" \/>\n<link rel=\"canonical\" href=\"https:\/\/tkgestion.com\/index.php\/fiscalite\/\" \/>\n<meta property=\"og:locale\" content=\"en_US\" \/>\n<meta property=\"og:type\" content=\"article\" \/>\n<meta property=\"og:title\" content=\"Fiscalit\u00e9 - TK Gestion\" \/>\n<meta property=\"og:description\" content=\"Fiscalit\u00e9 La fiscalit\u00e9 au Luxembourg : ma\u00eetrisez-la avec TK Gestion La fiscalit\u00e9 luxembourgeoise est r\u00e9put\u00e9e pour sa complexit\u00e9 et son \u00e9volution constante. Chaque erreur peut entra\u00eener des cons\u00e9quences importantes. Avec TK Gestion, vous profitez d\u2019une expertise approfondie pour optimiser votre charge fiscale et \u00e9viter les mauvaises surprises, tout en restant conforme \u00e0 la r\u00e9glementation. Nos&hellip;&nbsp;Read More &raquo;Fiscalit\u00e9\" \/>\n<meta property=\"og:url\" content=\"https:\/\/tkgestion.com\/index.php\/fiscalite\/\" \/>\n<meta property=\"og:site_name\" content=\"TK Gestion\" \/>\n<meta property=\"article:modified_time\" content=\"2025-01-08T16:54:53+00:00\" \/>\n<meta property=\"og:image\" content=\"https:\/\/tkgestion.com\/wp-content\/uploads\/2024\/12\/ai-generated-9126714_1280.jpg\" \/>\n\t<meta property=\"og:image:width\" content=\"853\" \/>\n\t<meta property=\"og:image:height\" content=\"1280\" \/>\n\t<meta property=\"og:image:type\" content=\"image\/jpeg\" \/>\n<meta name=\"twitter:card\" content=\"summary_large_image\" \/>\n<meta name=\"twitter:label1\" content=\"Est. reading time\" \/>\n\t<meta name=\"twitter:data1\" content=\"5 minutes\" \/>\n<script type=\"application\/ld+json\" class=\"yoast-schema-graph\">{\"@context\":\"https:\\\/\\\/schema.org\",\"@graph\":[{\"@type\":\"WebPage\",\"@id\":\"https:\\\/\\\/tkgestion.com\\\/index.php\\\/fiscalite\\\/\",\"url\":\"https:\\\/\\\/tkgestion.com\\\/index.php\\\/fiscalite\\\/\",\"name\":\"Fiscalit\u00e9 - TK Gestion\",\"isPartOf\":{\"@id\":\"https:\\\/\\\/tkgestion.com\\\/#website\"},\"primaryImageOfPage\":{\"@id\":\"https:\\\/\\\/tkgestion.com\\\/index.php\\\/fiscalite\\\/#primaryimage\"},\"image\":{\"@id\":\"https:\\\/\\\/tkgestion.com\\\/index.php\\\/fiscalite\\\/#primaryimage\"},\"thumbnailUrl\":\"http:\\\/\\\/tkgestion.com\\\/wp-content\\\/uploads\\\/2024\\\/12\\\/ai-generated-9126714_1280-682x1024.jpg\",\"datePublished\":\"2024-12-18T14:37:06+00:00\",\"dateModified\":\"2025-01-08T16:54:53+00:00\",\"breadcrumb\":{\"@id\":\"https:\\\/\\\/tkgestion.com\\\/index.php\\\/fiscalite\\\/#breadcrumb\"},\"inLanguage\":\"en-US\",\"potentialAction\":[{\"@type\":\"ReadAction\",\"target\":[\"https:\\\/\\\/tkgestion.com\\\/index.php\\\/fiscalite\\\/\"]}]},{\"@type\":\"ImageObject\",\"inLanguage\":\"en-US\",\"@id\":\"https:\\\/\\\/tkgestion.com\\\/index.php\\\/fiscalite\\\/#primaryimage\",\"url\":\"https:\\\/\\\/tkgestion.com\\\/wp-content\\\/uploads\\\/2024\\\/12\\\/ai-generated-9126714_1280.jpg\",\"contentUrl\":\"https:\\\/\\\/tkgestion.com\\\/wp-content\\\/uploads\\\/2024\\\/12\\\/ai-generated-9126714_1280.jpg\",\"width\":853,\"height\":1280},{\"@type\":\"BreadcrumbList\",\"@id\":\"https:\\\/\\\/tkgestion.com\\\/index.php\\\/fiscalite\\\/#breadcrumb\",\"itemListElement\":[{\"@type\":\"ListItem\",\"position\":1,\"name\":\"Accueil\",\"item\":\"https:\\\/\\\/tkgestion.com\\\/\"},{\"@type\":\"ListItem\",\"position\":2,\"name\":\"Fiscalit\u00e9\"}]},{\"@type\":\"WebSite\",\"@id\":\"https:\\\/\\\/tkgestion.com\\\/#website\",\"url\":\"https:\\\/\\\/tkgestion.com\\\/\",\"name\":\"TK Gestion\",\"description\":\"Votre partenaire en gestion, pour construire un avenir serein.\",\"publisher\":{\"@id\":\"https:\\\/\\\/tkgestion.com\\\/#organization\"},\"potentialAction\":[{\"@type\":\"SearchAction\",\"target\":{\"@type\":\"EntryPoint\",\"urlTemplate\":\"https:\\\/\\\/tkgestion.com\\\/?s={search_term_string}\"},\"query-input\":{\"@type\":\"PropertyValueSpecification\",\"valueRequired\":true,\"valueName\":\"search_term_string\"}}],\"inLanguage\":\"en-US\"},{\"@type\":\"Organization\",\"@id\":\"https:\\\/\\\/tkgestion.com\\\/#organization\",\"name\":\"TK Gestion S.\u00e0 r.l.\",\"url\":\"https:\\\/\\\/tkgestion.com\\\/\",\"logo\":{\"@type\":\"ImageObject\",\"inLanguage\":\"en-US\",\"@id\":\"https:\\\/\\\/tkgestion.com\\\/#\\\/schema\\\/logo\\\/image\\\/\",\"url\":\"https:\\\/\\\/tkgestion.com\\\/wp-content\\\/uploads\\\/2024\\\/12\\\/Logo_TK_Improved.png\",\"contentUrl\":\"https:\\\/\\\/tkgestion.com\\\/wp-content\\\/uploads\\\/2024\\\/12\\\/Logo_TK_Improved.png\",\"width\":236,\"height\":222,\"caption\":\"TK Gestion S.\u00e0 r.l.\"},\"image\":{\"@id\":\"https:\\\/\\\/tkgestion.com\\\/#\\\/schema\\\/logo\\\/image\\\/\"}}]}<\/script>\n<!-- \/ Yoast SEO plugin. -->","yoast_head_json":{"title":"Fiscalit\u00e9 - TK Gestion","robots":{"index":"index","follow":"follow","max-snippet":"max-snippet:-1","max-image-preview":"max-image-preview:large","max-video-preview":"max-video-preview:-1"},"canonical":"https:\/\/tkgestion.com\/index.php\/fiscalite\/","og_locale":"en_US","og_type":"article","og_title":"Fiscalit\u00e9 - TK Gestion","og_description":"Fiscalit\u00e9 La fiscalit\u00e9 au Luxembourg : ma\u00eetrisez-la avec TK Gestion La fiscalit\u00e9 luxembourgeoise est r\u00e9put\u00e9e pour sa complexit\u00e9 et son \u00e9volution constante. Chaque erreur peut entra\u00eener des cons\u00e9quences importantes. Avec TK Gestion, vous profitez d\u2019une expertise approfondie pour optimiser votre charge fiscale et \u00e9viter les mauvaises surprises, tout en restant conforme \u00e0 la r\u00e9glementation. Nos&hellip;&nbsp;Read More &raquo;Fiscalit\u00e9","og_url":"https:\/\/tkgestion.com\/index.php\/fiscalite\/","og_site_name":"TK Gestion","article_modified_time":"2025-01-08T16:54:53+00:00","og_image":[{"width":853,"height":1280,"url":"https:\/\/tkgestion.com\/wp-content\/uploads\/2024\/12\/ai-generated-9126714_1280.jpg","type":"image\/jpeg"}],"twitter_card":"summary_large_image","twitter_misc":{"Est. reading time":"5 minutes"},"schema":{"@context":"https:\/\/schema.org","@graph":[{"@type":"WebPage","@id":"https:\/\/tkgestion.com\/index.php\/fiscalite\/","url":"https:\/\/tkgestion.com\/index.php\/fiscalite\/","name":"Fiscalit\u00e9 - TK Gestion","isPartOf":{"@id":"https:\/\/tkgestion.com\/#website"},"primaryImageOfPage":{"@id":"https:\/\/tkgestion.com\/index.php\/fiscalite\/#primaryimage"},"image":{"@id":"https:\/\/tkgestion.com\/index.php\/fiscalite\/#primaryimage"},"thumbnailUrl":"http:\/\/tkgestion.com\/wp-content\/uploads\/2024\/12\/ai-generated-9126714_1280-682x1024.jpg","datePublished":"2024-12-18T14:37:06+00:00","dateModified":"2025-01-08T16:54:53+00:00","breadcrumb":{"@id":"https:\/\/tkgestion.com\/index.php\/fiscalite\/#breadcrumb"},"inLanguage":"en-US","potentialAction":[{"@type":"ReadAction","target":["https:\/\/tkgestion.com\/index.php\/fiscalite\/"]}]},{"@type":"ImageObject","inLanguage":"en-US","@id":"https:\/\/tkgestion.com\/index.php\/fiscalite\/#primaryimage","url":"https:\/\/tkgestion.com\/wp-content\/uploads\/2024\/12\/ai-generated-9126714_1280.jpg","contentUrl":"https:\/\/tkgestion.com\/wp-content\/uploads\/2024\/12\/ai-generated-9126714_1280.jpg","width":853,"height":1280},{"@type":"BreadcrumbList","@id":"https:\/\/tkgestion.com\/index.php\/fiscalite\/#breadcrumb","itemListElement":[{"@type":"ListItem","position":1,"name":"Accueil","item":"https:\/\/tkgestion.com\/"},{"@type":"ListItem","position":2,"name":"Fiscalit\u00e9"}]},{"@type":"WebSite","@id":"https:\/\/tkgestion.com\/#website","url":"https:\/\/tkgestion.com\/","name":"TK Gestion","description":"Votre partenaire en gestion, pour construire un avenir serein.","publisher":{"@id":"https:\/\/tkgestion.com\/#organization"},"potentialAction":[{"@type":"SearchAction","target":{"@type":"EntryPoint","urlTemplate":"https:\/\/tkgestion.com\/?s={search_term_string}"},"query-input":{"@type":"PropertyValueSpecification","valueRequired":true,"valueName":"search_term_string"}}],"inLanguage":"en-US"},{"@type":"Organization","@id":"https:\/\/tkgestion.com\/#organization","name":"TK Gestion S.\u00e0 r.l.","url":"https:\/\/tkgestion.com\/","logo":{"@type":"ImageObject","inLanguage":"en-US","@id":"https:\/\/tkgestion.com\/#\/schema\/logo\/image\/","url":"https:\/\/tkgestion.com\/wp-content\/uploads\/2024\/12\/Logo_TK_Improved.png","contentUrl":"https:\/\/tkgestion.com\/wp-content\/uploads\/2024\/12\/Logo_TK_Improved.png","width":236,"height":222,"caption":"TK Gestion S.\u00e0 r.l."},"image":{"@id":"https:\/\/tkgestion.com\/#\/schema\/logo\/image\/"}}]}},"_links":{"self":[{"href":"https:\/\/tkgestion.com\/index.php\/wp-json\/wp\/v2\/pages\/96","targetHints":{"allow":["GET"]}}],"collection":[{"href":"https:\/\/tkgestion.com\/index.php\/wp-json\/wp\/v2\/pages"}],"about":[{"href":"https:\/\/tkgestion.com\/index.php\/wp-json\/wp\/v2\/types\/page"}],"author":[{"embeddable":true,"href":"https:\/\/tkgestion.com\/index.php\/wp-json\/wp\/v2\/users\/1"}],"replies":[{"embeddable":true,"href":"https:\/\/tkgestion.com\/index.php\/wp-json\/wp\/v2\/comments?post=96"}],"version-history":[{"count":9,"href":"https:\/\/tkgestion.com\/index.php\/wp-json\/wp\/v2\/pages\/96\/revisions"}],"predecessor-version":[{"id":213,"href":"https:\/\/tkgestion.com\/index.php\/wp-json\/wp\/v2\/pages\/96\/revisions\/213"}],"wp:attachment":[{"href":"https:\/\/tkgestion.com\/index.php\/wp-json\/wp\/v2\/media?parent=96"}],"curies":[{"name":"wp","href":"https:\/\/api.w.org\/{rel}","templated":true}]}}